653335?
1173
Calculate the highest common divisor of 30 and 5605338.
6
Calculate the highest common factor of 1032 and 896648814.
258
What is the greatest common divisor of 12579069 and 6813?
2271
What is the greatest common divisor of 1986044721 and 339?
339
Calculate the greatest common factor of 246996 and 2748974.
4574
What is the greatest common factor of 26721358 and 146?
146
What is the highest common factor of 7319300 and 1643?
53
What is the highest common factor of 7494 and 58050?
6
What is the greatest common divisor of 200 and 27476975?
25
What is the greatest common divisor of 11805 and 3122760?
15
What is the highest common divisor of 3726 and 19288904?
46
What is the greatest common divisor of 9312 and 33659?
97
Calculate the greatest common divisor of 1161171 and 4406589.
3663
What is the greatest common factor of 40095 and 2091150?
135
What is the greatest common factor of 488 and 3635966?
122
What is the highest common divisor of 153 and 20357802?
9
What is the highest common divisor of 2886 and 1333176?
78
Calculate the highest common divisor of 1768 and 5392043.
17
What is the highest common divisor of 135 and 12495789?
27
Calculate the highest common factor of 1776 and 606140364.
444
What is the highest common divisor of 44135 and 876967?
91
What is the greatest common factor of 24 and 116328984?
24
Calculate the highest common factor of 3328 and 16094.
26
Calculate the greatest common factor of 702 and 3651336.
234
What is the highest common divisor of 228 and 2139489528?
228
Calculate the highest common factor of 17003168 and 4992.
416
What is the highest common divisor of 247475127 and 3687?
3687
What is the highest common factor of 9 and 20632923?
9
What is the highest common factor of 280 and 5109230?
70
Calculate the highest common factor of 78246 and 2436966.
1134
What is the highest common divisor of 5521852 and 154?
14
Calculate the greatest common factor of 2116746 and 864.
54
What is the highest common factor of 8969325 and 1410?
15
Calculate the highest common factor of 1283076 and 9396.
1044
Calculate the greatest common factor of 336 and 44707376.
112
Calculate the greatest common divisor of 1290488 and 2134.
194
What is the greatest common divisor of 1167228 and 252?
36
What is the highest common factor of 13053809 and 3776?
59
Calculate the greatest common factor of 15164 and 47833946.
446
Calculate the highest common divisor of 1093824 and 596160.
5184
Calculate the highest common factor of 124 and 176634032.
124
What is the highest common factor of 147376 and 13439?
151
What is the greatest common factor of 6072 and 2462196?
3036
Calculate the greatest common divisor of 728 and 60015488.
104
Calculate the greatest common factor of 1093369 and 1.
1
What is the highest common divisor of 426634884 and 4?
4
Calculate the greatest common divisor of 114171 and 10887.
57
Calculate the highest common divisor of 176 and 74594465.
11
Calculate the highest common divisor of 555 and 70251.
3
What is the highest common factor of 443444 and 7257?
59
What is the highest common factor of 13530688 and 101760?
3392
Calculate the highest common divisor of 31 and 3737639.
31
Calculate the highest common factor of 3712 and 25523016.
232
Calculate the highest common factor of 279 and 12078158.
31
What is the greatest common factor of 34916 and 1148252?
28
What is the greatest common divisor of 1558 and 2988016?
38
What is the greatest common divisor of 23679288 and 156?
12
Calculate the greatest common factor of 57328440 and 5070.
390
Calculate the highest common factor of 3166 and 14057040.
3166
Calculate the greatest common factor of 3690 and 4870062.
738
What is the greatest common factor of 1172 and 26715154?
586
What is the highest common factor of 40861315 and 495?
55
Calculate the greatest common divisor of 15182193 and 78.
39
Calculate the highest common divisor of 40176 and 10209168.
4464
Calculate the greatest common divisor of 2960099 and 3221.
3221
Calculate the highest common factor of 20784816 and 702.
702
What is the highest common divisor of 2271724 and 476528?
4108
Calculate the greatest common divisor of 138228 and 24.
12
Calculate the highest common factor of 20 and 34418850.
10
Calculate the greatest common divisor of 5047 and 26286218.
721
What is the highest common divisor of 8176 and 6733958?
1022
What is the highest common factor of 150388 and 372?
4
What is the greatest common factor of 9623109 and 93781?
491
What is the greatest common divisor of 7478957 and 2313?
257
What is the highest common factor of 17028 and 3796056?
396
Calculate the highest common divisor of 3183564 and 836.
76
Calculate the greatest common divisor of 7237727 and 4123.
133
What is the highest common factor of 122235 and 42165?
15
What is the greatest common divisor of 2560 and 63300320?
160
Calculate the highest common factor of 1182150 and 10350.
450
Calculate the highest common factor of 274309641 and 9148.
2287
What is the greatest common divisor of 687897 and 8592?
537
What is the highest common divisor of 4800 and 7527920?
80
What is the highest common factor of 287568 and 11664?
144
Calculate the highest common factor of 34 and 9981158.
2
What is the highest common divisor of 13715345 and 178?
89
Calculate the highest common factor of 2512 and 12910.
2
What is the greatest common factor of 7 and 8014811?
7
Calculate the greatest common divisor of 97696 and 194016.
1376
Calculate the greatest common factor of 351 and 36403029.
117
What is the greatest common divisor of 18865678 and 26?
26
What is the greatest common divisor of 1279112293 and 382?
191
Calculate the highest common divisor of 8837793 and 10431.
171
Calculate the highest common divisor of 64479210 and 42980.
3070
Calculate the highest common factor of 35052 and 74.
2
Calculate the highest common factor of 82400136 and 16744.
728
Calculate the greatest common factor of 710320 and 510.
10
Calculate the greatest common divisor of 17898595 and 715.
715
What is the highest common divisor of 2736504 and 66?
6
Calculate the highest common divisor of 36985928 and 315.
7
Calculate the highest common divisor of 612657 and 205146.
27
Calculate the greatest common divisor of 168 and 190824.
24
Calculate the highest common divisor of 361665 and 53979.
57
Calculate the greatest common divisor of 91 and 926006081.
91
What is the greatest common divisor of 68 and 13995964?
68
Calculate the greatest common factor of 2977387 and 49.
49
What is the highest common factor of 3418030 and 21?
7
What is the highest common factor of 103 and 23933801?
103
Calculate the highest common divisor of 11337690 and 7280.
910
Calculate the greatest common factor of 495928 and 20.
4
What is the greatest common factor of 293903 and 5063?
83
Calculate the highest common divisor of 474 and 4224841.
79
What is the highest common divisor of 1113 and 1534191?
159
What is the greatest common divisor of 98854 and 25174?
614
What is the greatest common divisor of 180 and 37442235?
15
Calculate the greatest common factor of 3555219 and 97347.
111
What is the greatest common divisor of 1022057 and 46256?
59
What is the highest common factor of 21486885 and 70?
35
What is the highest common divisor of 17913 and 270018?
21
What is the greatest common divisor of 1487229 and 876?
219
What is the highest common factor of 5054 and 3167374?
14
What is the greatest common factor of 190584 and 8424?
72
What is the greatest common factor of 78648291 and 41?
41
What is the highest common divisor of 21402436 and 3344?
836
What is the greatest common factor of 1416 and 22783794?
354
What is the greatest common factor of 107940 and 131965645?
8995
Calculate the greatest common divisor of 38720 and 173030.
1210
What is the highest common factor of 35506710 and 7650?
1530
What is the highest common divisor of 72 and 460327872?
24
What is the highest common factor of 629 and 371208124?
629
Calculate the highest common factor of 378231 and 3633.
21
Calculate the highest common factor of 9990486 and 1946.
278
Calculate the highest common divisor of 733467 and 642201.
1113
Calculate the highest common divisor of 936 and 52677.
9
What is the greatest common divisor of 30 and 201116310?
30
Calculate the greatest common fa